uppose -m = -2*m + 2*g + v, -2*m + 7 = 5*g. What is the highest common factor of 42 and m?
6
Let v be 41 + -4 - (-3 - 3) - -2. What is the greatest common factor of 55 and v?
5
Let s be ((-24)/9 - -3)*63. Let k(x) = 20 - 6*x - 4*x + 8*x**2 - x**3 - 25*x**2 + 5*x. Let g be k(-17). Calculate the highest common divisor of s and g.
21
Suppose -4*x + 3*x = -20. Suppose -t = 3*h - 149 + 42, 0 = 5*t + x. What is the highest common factor of 74 and h?
37
Let l = 27 - -15. Let p be (l/5)/(3/40). Suppose 55 = 2*v - 0*v - c, v = -5*c + 33. What is the greatest common factor of p and v?
28
Let j = -7 - 56. Let h be (-679)/j - 2/(-9). What is the highest common divisor of 99 and h?
11
Let b = 115 + -30. Let k be ((-17)/3)/(54/(-162)). What is the greatest common divisor of k and b?
17
Let a(z) = -35*z - 37. Let j be a(-1). Let r be (-237)/9 + 4/(-6). Let f be j - 1 - (-7 + r). Calculate the highest common divisor of 93 and f.
31
Suppose 5*u - 48 = -8. Suppose -h = 2*b - 14, u*b - 37 = 3*b - 3*h. Calculate the greatest common divisor of 55 and b.
5
Let i be 9 + -18 + 1310 + -9. What is the highest common divisor of i and 68?
68
Let w(k) = -6*k + 63. Suppose -41 = -5*h - 3*x + 6, 9 = 3*h - 3*x. Let q be w(h). Calculate the greatest common factor of q and 210.
21
Let b be (3/24*-106)/(9/(-612)). What is the highest common divisor of b and 53?
53
Let c = -1288 + 2318. Calculate the greatest common divisor of 10 and c.
10
Suppose -7*t = -25*t + 432. What is the highest common divisor of t and 744?
24
Let i(r) = -r - 1. Let l be 20*(0 + 9/(-12)). Let c = 7 + l. Let q be i(c). What is the highest common divisor of q and 7?
7
Suppose -2*p = 3*s - 94, 5*s + 169 = 5*p - 91. What is the greatest common divisor of p and 950?
50
Suppose 0 = 47*k - 30*k - 3332. Calculate the greatest common divisor of 56 and k.
28
Let j be 21 + 0 - (4 + -6). Suppose 2*d + 7 = 5*r, -7*r - j = 3*d - 2*r. Let t be 8/((-7)/d + -1). What is the highest common divisor of 16 and t?
16
Let f(x) = 22*x**2 + x - 1. Let n be f(1). Let s(m) = -28*m + 24. Let w be s(6). Let j = -78 - w. What is the highest common divisor of n and j?
22
Let w(a) = a**2 - 111*a + 3084. Let t be w(56). Let s be (0 - 1)*(0 - 1). Let x be -1 + (2 - s)*7. What is the greatest common factor of t and x?
2
Let p(c) = -c**2 - 12*c + 2. Let r be p(-12). Suppose -u - 26 = -4*o, -u = 3*o - r*o - 9. What is the highest common factor of 1 and o?
1
Let u(q) = -107*q - 73. Let l be u(-5). What is the highest common factor of 21 and l?
21
Let u = 13 - 5. Let f = u + -9. Let w be (105 - 6) + (f - -2). What is the highest common divisor of w and 10?
10
Suppose -4*h = -2*r - 238 + 184, 2*h = -4*r + 52. Let q be (-6)/9 - (-14)/(-6). Let n be (-2)/q + 590/15. Calculate the highest common divisor of n and h.
8
Let n(j) = -10*j**2 + 5*j - 1 + 4 + 1 - j**3. Let q = 74 + -85. Let z be n(q). Calculate the highest common divisor of z and 28.
14
Let x be (-9 - -3)*(-1)/(-2). Let h = x - -63. What is the highest common divisor of h and 24?
12
Let z be 16/7 + (-18)/63. Suppose -z*b + 0*b = -22. Suppose b = 3*w - 34. Calculate the greatest common divisor of 5 and w.
5
Let r be (-1 + (-136)/(-40))*30. Calculate the greatest common divisor of r and 72.
72
Let n = 121 - 118. Suppose -i - 2*a = -15, 0 = 5*i - 0*i + n*a - 75. Calculate the greatest common factor of 255 and i.
15
Let j be (423/(-18))/((-2)/(-4)). Let z = -33 - j. Calculate the highest common divisor of 42 and z.
14
Let n = -82 - -148. Suppose -6*m + n = 5*m. Calculate the highest common factor of 48 and m.
6
Suppose 25*m - 360 = 22*m. Calculate the highest common factor of 90 and m.
30
Suppose -o - 13 = -0. Let y = o + 15. Suppose -5*j + j + 918 = y*f, j = 2*f + 237. Calculate the greatest common factor of j and 21.
21
Let o = 8 + -13. Let z be (53/(-5) + 1)*o. Suppose 113 = 44*c - 40*c + 3*n, -4*n = 2*c - 44. What is the greatest common divisor of z and c?
16
Let h be 4*(6/(-30) + 297/10). Let r = -70 + h. Calculate the highest common factor of 36 and r.
12
Let u(b) = 2*b + 6. Let r be u(-4). Let a(s) = 1 + 216*s**2 - 5 - 420*s**2 + 211*s**2. Let f be a(r). Calculate the highest common factor of f and 60.
12
Let u = -42 + 42. Let z(w) = -2*w**2 - w + 8. Let f be z(u). What is the greatest common factor of 8 and f?
8
Suppose -50*l + 17*l + 5610 = 0. What is the highest common factor of 70 and l?
10
Let p be 2 + 211 + (-2 - 1). Calculate the greatest common divisor of p and 20.
10
Suppose -8*t + 3*t = -5*z - 120, t - 48 = -5*z. Let q = 12 + 16. Calculate the greatest common divisor of q and t.
28
Suppose -7*r = -2*r + 165. Let b = 46 + r. Suppose -2*d - 4 + b = -n, -14 = -2*d + 2*n. Calculate the highest common divisor of 18 and d.
2
Let o = 111 - 63. Suppose 20*w - 16*w - o = 0. What is the highest common factor of 36 and w?
12
Let n = 1 - -6. Suppose 5*j - 614 + 465 = -p, -482 = -4*p - j. What is the greatest common factor of p and n?
7
Let s be ((-36)/(-20))/((-7)/(-35)). Calculate the highest common factor of 93 and s.
3
Suppose 2*d - s + 0*s = 175, 3*d - 285 = -3*s. What is the greatest common divisor of 40 and d?
10
Let h be (15/12)/(3/(-36)). Let l = h + 15. Let d be (-2 - 0) + (l - -9). Calculate the highest common divisor of 35 and d.
7
Let n(u) = 14*u - 134. Let o be n(13). Calculate the highest common divisor of o and 216.
24
Let x = -256 + 380. Calculate the greatest common factor of x and 2852.
124
Let k(l) = 8*l - 8. Suppose -f + 72 = -4*f - 2*a, -4*f + 5*a - 96 = 0. Let v be 1*2/(-4)*f. Let h be k(v). Calculate the highest common divisor of 11 and h.
11
Let d = 602 + -598. Calculate the greatest common factor of 9 and d.
1
Suppose 5*z + 4*s = 129, -5*z + 5*s + 110 = -55. Let b be 2/(-6)*(11 + -11). Suppose b*l = -l + z. What is the highest common factor of 319 and l?
29
Let p(f) = 25*f**2 - f + 3. Let h be p(-2). Suppose -3*l = n - 141, 2*l - 4*n = 3 + h. What is the greatest common factor of 192 and l?
48
Let t be (-2166)/(-45) - (-7)/((-1575)/30). Let y = 56 - 40. Calculate the highest common factor of t and y.
16
Suppose 24*h - 27*h - 3*t = -720, -4*t - 20 = 0. Calculate the highest common divisor of h and 14.
7
Suppose -155 = -d + f, 2*f = d - 2*f - 170. Calculate the highest common divisor of 6 and d.
6
Let i be 75 - (-2 - -1) - -2. Suppose -20*k = -23*k + i. Calculate the highest common divisor of k and 26.
26
Let p = 30 - 58. Let v be (p - -94)*4/3. Let i be 1 + 7/(2 - 1). Calculate the greatest common divisor of i and v.
8
Let t be 14/21*(0 - -3). Suppose -t*g = -63 + 29. What is the highest common factor of g and 136?
17
Let l(v) = -4*v + 4. Suppose 5*u + 2*m + 47 = 0, 3*u + m + 25 = -m. Let b be l(u). Calculate the highest common divisor of 12 and b.
12
Suppose -2*q = -5*h + 69, 4*h + 5*q - 2*q = 69. Calculate the highest common factor of h and 45.
15
Let a(f) = f**3 + 3*f**2 - 6*f + 2. Let b be a(-4). Suppose 0 = -4*g + 4*t + 329 + 47, -3*g = 4*t - 254. Calculate the highest common factor of b and g.
10
Let c(p) = 11*p - 3. Let x = -17 + 14. Let v be c(x). Let h = -1 - v. What is the highest common divisor of h and 7?
7
Let t = 823 - 778. Calculate the highest common factor of t and 155.
5
Let w(n) = 21*n**3 - n**2 + 3*n - 2. Let c be (3 + -4 - 1) + 3. Let l be w(c). Let a be ((35/(-3))/5*3)/(-1). What is the highest common factor of l and a?
7
Let f(l) = 6*l**3 - 15*l**2 - 7*l + 5. Let g be f(3). Suppose 0 = -2*t + 4*t. Suppose t = 3*j + 2*j - 110. Calculate the highest common factor of g and j.
11
Let p(n) = 8*n - 16. Let m be p(-10). Let x = 140 + m. Let d = 24 - 20. What is the greatest common divisor of d and x?
4
Suppose w + w - n - 120 = 0, 2*w - 5*n - 136 = 0. Calculate the highest common factor of w and 348.
58
Let o = -201 - -204. Let s = 17 - -10. Suppose 0*p = o*p - s. What is the greatest common divisor of 9 and p?
9
Let w(s) = s**3 - 11*s**2 + 24*s - 20. Let a be w(10). Calculate the greatest common divisor of a and 30.
30
Let r(a) = a**3 + 6*a**2 - 4*a + 1. Let b(w) = w**2 - 6*w + 3. Let z be b(4). Let y be r(z). Calculate the highest common divisor of y and 23.
23
Let q be (-116)/(-12)*(3 + 6)/3. Calculate the highest common divisor of q and 870.
29
Let f be (-128)/(-6) - (-4)/6. Suppose 0 = -2*s + 4*s - f. Calculate the highest common diviso